{"id":10580,"date":"2023-09-05T11:39:06","date_gmt":"2023-09-05T15:39:06","guid":{"rendered":"https:\/\/baycoast.bank\/people\/carl-w-taber-2\/"},"modified":"2025-01-23T10:44:43","modified_gmt":"2025-01-23T15:44:43","slug":"carl-w-taber-2","status":"publish","type":"people","link":"https:\/\/baycoast.bank\/pt-pt\/people\/carl-w-taber-2\/","title":{"rendered":"Carl W. Taber"},"content":{"rendered":"<div class=\"lazyblock-no-hero-2q0Qxb wp-block-lazyblock-no-hero\"><div class=\"noHero\" style=\"height: 10rem;\"><\/div><\/div><div class=\"lazyblock-person-Z9UfK wp-block-lazyblock-person\"><div class=\"spacer\"><\/div>\n\n<div class=\"section personBlock\">\n\t<div class=\"paddedWrapper\">\n\t\t<div class=\"wrapper flex gutenberg\" style=\"justify-content: center;\">\n\n      \t\t<div class=\"illustrationSmall\" style=\"background-image: url(https:\/\/baycoast.bank\/wp-content\/uploads\/2023\/09\/Carl-Taber-Headshot-2025-e1737647056370.jpg); background-size: contain\" role=\"img\" aria-label=\"Carl W. Taber image\"><\/div>\n\n\t\t\t<div class=\"smallWrapperNarrow gutenberg\">\n\n\t\t\t\t<div class=\"h3\">Carl W. Taber<\/div>\n\n\t\t\t\t<div class=\"hr bgPrimaryColor\"><\/div>\n\n\t\t\t\t<p><strong class=\"blue\" style=\"font-size: 110%;\">Vice-presidente executivo, diretor de empr\u00e9stimos <\/strong><\/br>\n\t\t\t\t\tBayCoast Bank<\/br>\t\t\t\t\t\t\t\t\t\t\t\t\t\t\t\t\t\t\t\t<a href=\"mailto:ctaber@baycoastbank.com\">ctaber@baycoastbank.com<\/a><\/br>\t\t\t\t<\/p>\n\n\t\t\t\t\n\t\t\t\t\n\t\t\t\t\n\n<div class=\"wp-block-stackable-heading stk-block-heading stk-block-heading--v2 stk-block stk-eb48ab7\" id=\"meet-carl-taber\" data-block-id=\"eb48ab7\"><style>.stk-eb48ab7{margin-bottom:6px !important}.stk-eb48ab7 .stk-block-heading__text{font-size:16px !important}@media screen and (max-width:1023px){.stk-eb48ab7 .stk-block-heading__text{font-size:16px !important}}<\/style><h1 class=\"stk-block-heading__text\">Conhe\u00e7a Carl Taber<\/h1><\/div>\n\n\n\n<p>A jornada de Carl no BayCoast Bank come\u00e7ou em novembro de 2004, ap\u00f3s quase tr\u00eas d\u00e9cadas de servi\u00e7o dedicado na Divis\u00e3o de Empr\u00e9stimos do Compass Bank. Durante sua gest\u00e3o l\u00e1, ele administrou habilmente o Departamento de Hipotecas Imobili\u00e1rias, orientando o desenvolvimento de neg\u00f3cios de empr\u00e9stimos imobili\u00e1rios residenciais e comerciais. Como vice-presidente executivo e diretor de empr\u00e9stimos do BayCoast Bank, Carl assume a supervis\u00e3o abrangente da divis\u00e3o de empr\u00e9stimos, abrangendo empr\u00e9stimos ao consumidor, residenciais e comerciais.<\/p>\n\n\n\n<p>Carl \u00e9 bacharel em administra\u00e7\u00e3o de empresas pela Universidade de Massachusetts em Dartmouth. Seu compromisso com o crescimento profissional \u00e9 evidenciado por sua gradua\u00e7\u00e3o na Massachusetts Bankers Supervisory School e na National Association of Savings Banks Graduate School.<\/p>\n\n\n\n<p>Beyond his professional accomplishments, Carl is a passionate advocate for his community and is deeply involved in numerous non-profit organizations. Al\u00e9m de suas realiza\u00e7\u00f5es profissionais, Carl \u00e9 um defensor apaixonado de sua comunidade e est\u00e1 profundamente envolvido em diversas organiza\u00e7\u00f5es sem fins lucrativos. Suas afilia\u00e7\u00f5es atuais incluem servir como Presidente do Conselho de Administra\u00e7\u00e3o de Servi\u00e7os Infantis e Familiares com sede em New Bedford, MA (tendo atuado anteriormente na mesma fun\u00e7\u00e3o), Membro do Conselho e do Comit\u00ea Executivo do Conselho de For\u00e7a de Trabalho da MassHire Greater New Bedford, Conselho e Membro do Comit\u00ea Executivo da South Eastern Economic Development (SEED), Administrador da Greater New Bedford Industrial Foundation, Membro do Comit\u00ea Financeiro do Southcoast Health System, Membro do Comit\u00ea de Investimentos do Southcoast Health System, Membro do Conselho Financeiro da Diocese de Fall River, Presidente do Conselho Financeiro de St. Anthony\/St. Rita em Mattapoisett\/Marion, e \u00e9 membro do Comit\u00e9 de Desenvolvimento da Funda\u00e7\u00e3o para o Avan\u00e7o da Educa\u00e7\u00e3o Cat\u00f3lica (FACE) da Diocese de Fall River. Seu envolvimento anterior na comunidade tamb\u00e9m inclui membro do conselho de administra\u00e7\u00e3o do Southcoast Health System e Southcoast Hospitals Group, membro do conselho da C\u00e2mara de Com\u00e9rcio de Southcoast (agora conhecida como One Southcoast Chamber of Commerce), membro do conselho da Massachusetts Mortgage Bankers Association, conselho de administra\u00e7\u00e3o Membro do New Bedford Ocean Explorium, Membro do Conselho de Curadores da Nativity Prep School de New Bedford, Membro do Conselho da Waterfront Historic Area League (WHALE), Membro do Conselho do Coastline Elderly Services, Membro do Comit\u00ea de Desenvolvimento do Escrit\u00f3rio Diocesano de Instala\u00e7\u00f5es de Sa\u00fade, Volunt\u00e1rio para Junior Achievement e Volunt\u00e1rio para United Way of Greater New Bedford. Carl tamb\u00e9m foi nomeado Companheiro Paul Harris pela Funda\u00e7\u00e3o Rot\u00e1ria do Rotary International e recebeu o pr\u00eamio de Lideran\u00e7a Comunit\u00e1ria da C\u00e2mara de Com\u00e9rcio One Southcoast.<\/p>\n\n\n\n<p>Carl chama Mattapoisett, MA, de sua casa, onde reside com sua esposa, Natalie.<\/p>\n\n\n\t\t\t\t\n\t\t\t\t\n\t\t\t<\/div>\n\n\t\t<\/div>\n\t<\/div>\n<\/div><\/div>","protected":false},"featured_media":12533,"menu_order":8,"template":"","meta":{"_acf_changed":false,"inline_featured_image":false},"person_type":[200],"class_list":["post-10580","people","type-people","status-publish","has-post-thumbnail","hentry","person_type-lideranca-senior"],"acf":[],"featured_image_urls_v2":{"full":["https:\/\/baycoast.bank\/wp-content\/uploads\/2023\/09\/Carl-Taber-Headshot-2025-e1737647056370.jpg",600,797,false],"thumbnail":["https:\/\/baycoast.bank\/wp-content\/uploads\/2023\/09\/Carl-Taber-Headshot-2025-150x150.jpg",150,150,true],"medium":["https:\/\/baycoast.bank\/wp-content\/uploads\/2023\/09\/Carl-Taber-Headshot-2025-226x300.jpg",226,300,true],"medium_large":["https:\/\/baycoast.bank\/wp-content\/uploads\/2023\/09\/Carl-Taber-Headshot-2025-e1737647056370.jpg",600,797,false],"large":["https:\/\/baycoast.bank\/wp-content\/uploads\/2023\/09\/Carl-Taber-Headshot-2025-e1737647056370.jpg",600,797,false],"1536x1536":["https:\/\/baycoast.bank\/wp-content\/uploads\/2023\/09\/Carl-Taber-Headshot-2025-e1737647056370.jpg",600,797,false],"2048x2048":["https:\/\/baycoast.bank\/wp-content\/uploads\/2023\/09\/Carl-Taber-Headshot-2025-e1737647056370.jpg",600,797,false]},"post_excerpt_stackable_v2":"<p>Carl W. Taber Vice-presidente executivo, diretor de empr\u00e9stimos BayCoast Bank ctaber@baycoastbank.com Conhe\u00e7a Carl Taber A jornada de Carl no BayCoast Bank come\u00e7ou em novembro de 2004, ap\u00f3s quase tr\u00eas d\u00e9cadas de servi\u00e7o dedicado na Divis\u00e3o de Empr\u00e9stimos do Compass Bank. Durante sua gest\u00e3o l\u00e1, ele administrou habilmente o Departamento de Hipotecas Imobili\u00e1rias, orientando o desenvolvimento de neg\u00f3cios de empr\u00e9stimos imobili\u00e1rios residenciais e comerciais. Como vice-presidente executivo e diretor de empr\u00e9stimos do BayCoast Bank, Carl assume a supervis\u00e3o abrangente da divis\u00e3o de empr\u00e9stimos, abrangendo empr\u00e9stimos ao consumidor, residenciais e comerciais. Carl \u00e9 bacharel em administra\u00e7\u00e3o de empresas pela Universidade de Massachusetts&hellip;<\/p>\n","category_list_v2":"","author_info_v2":{"name":"","url":""},"comments_num_v2":"0 comments","publishpress_future_workflow_manual_trigger":{"enabledWorkflows":[]},"_links":{"self":[{"href":"https:\/\/baycoast.bank\/pt-pt\/wp-json\/wp\/v2\/people\/10580","targetHints":{"allow":["GET"]}}],"collection":[{"href":"https:\/\/baycoast.bank\/pt-pt\/wp-json\/wp\/v2\/people"}],"about":[{"href":"https:\/\/baycoast.bank\/pt-pt\/wp-json\/wp\/v2\/types\/people"}],"wp:featuredmedia":[{"embeddable":true,"href":"https:\/\/baycoast.bank\/pt-pt\/wp-json\/wp\/v2\/media\/12533"}],"wp:attachment":[{"href":"https:\/\/baycoast.bank\/pt-pt\/wp-json\/wp\/v2\/media?parent=10580"}],"wp:term":[{"taxonomy":"person_type","embeddable":true,"href":"https:\/\/baycoast.bank\/pt-pt\/wp-json\/wp\/v2\/person_type?post=10580"}],"curies":[{"name":"wp","href":"https:\/\/api.w.org\/{rel}","templated":true}]}}

<div class="lazyblock-no-hero-2q0Qxb wp-block-lazyblock-no-hero"><div class="noHero" style="height: 10rem;"></div></div><div class="lazyblock-person-Z9UfK wp-block-lazyblock-person"><div class="spacer"></div>

<div class="section personBlock">
	<div class="paddedWrapper">
		<div class="wrapper flex gutenberg" style="justify-content: center;">

      		<div class="illustrationSmall" style="background-image: url(https://baycoast.bank/wp-content/uploads/2023/09/Carl-Taber-Headshot-2025-e1737647056370.jpg); background-size: contain" role="img" aria-label="Carl W. Taber image"></div>

			<div class="smallWrapperNarrow gutenberg">

				<div class="h3">Carl W. Taber</div>

				<div class="hr bgPrimaryColor"></div>

				<p><strong class="blue" style="font-size: 110%;">Vice-presidente executivo, diretor de empréstimos </strong></br>
					BayCoast Bank</br>																				<a href="mailto:ctaber@baycoastbank.com">ctaber@baycoastbank.com</a></br>				</p>

				
				
				

<div class="wp-block-stackable-heading stk-block-heading stk-block-heading--v2 stk-block stk-eb48ab7" id="meet-carl-taber" data-block-id="eb48ab7"><style>.stk-eb48ab7{margin-bottom:6px !important}.stk-eb48ab7 .stk-block-heading__text{font-size:16px !important}@media screen and (max-width:1023px){.stk-eb48ab7 .stk-block-heading__text{font-size:16px !important}}</style><h1 class="stk-block-heading__text">Conheça Carl Taber</h1></div>



<p>A jornada de Carl no BayCoast Bank começou em novembro de 2004, após quase três décadas de serviço dedicado na Divisão de Empréstimos do Compass Bank. Durante sua gestão lá, ele administrou habilmente o Departamento de Hipotecas Imobiliárias, orientando o desenvolvimento de negócios de empréstimos imobiliários residenciais e comerciais. Como vice-presidente executivo e diretor de empréstimos do BayCoast Bank, Carl assume a supervisão abrangente da divisão de empréstimos, abrangendo empréstimos ao consumidor, residenciais e comerciais.</p>



<p>Carl é bacharel em administração de empresas pela Universidade de Massachusetts em Dartmouth. Seu compromisso com o crescimento profissional é evidenciado por sua graduação na Massachusetts Bankers Supervisory School e na National Association of Savings Banks Graduate School.</p>



<p>Beyond his professional accomplishments, Carl is a passionate advocate for his community and is deeply involved in numerous non-profit organizations. Além de suas realizações profissionais, Carl é um defensor apaixonado de sua comunidade e está profundamente envolvido em diversas organizações sem fins lucrativos. Suas afiliações atuais incluem servir como Presidente do Conselho de Administração de Serviços Infantis e Familiares com sede em New Bedford, MA (tendo atuado anteriormente na mesma função), Membro do Conselho e do Comitê Executivo do Conselho de Força de Trabalho da MassHire Greater New Bedford, Conselho e Membro do Comitê Executivo da South Eastern Economic Development (SEED), Administrador da Greater New Bedford Industrial Foundation, Membro do Comitê Financeiro do Southcoast Health System, Membro do Comitê de Investimentos do Southcoast Health System, Membro do Conselho Financeiro da Diocese de Fall River, Presidente do Conselho Financeiro de St. Anthony/St. Rita em Mattapoisett/Marion, e é membro do Comité de Desenvolvimento da Fundação para o Avanço da Educação Católica (FACE) da Diocese de Fall River. Seu envolvimento anterior na comunidade também inclui membro do conselho de administração do Southcoast Health System e Southcoast Hospitals Group, membro do conselho da Câmara de Comércio de Southcoast (agora conhecida como One Southcoast Chamber of Commerce), membro do conselho da Massachusetts Mortgage Bankers Association, conselho de administração Membro do New Bedford Ocean Explorium, Membro do Conselho de Curadores da Nativity Prep School de New Bedford, Membro do Conselho da Waterfront Historic Area League (WHALE), Membro do Conselho do Coastline Elderly Services, Membro do Comitê de Desenvolvimento do Escritório Diocesano de Instalações de Saúde, Voluntário para Junior Achievement e Voluntário para United Way of Greater New Bedford. Carl também foi nomeado Companheiro Paul Harris pela Fundação Rotária do Rotary International e recebeu o prêmio de Liderança Comunitária da Câmara de Comércio One Southcoast.</p>



<p>Carl chama Mattapoisett, MA, de sua casa, onde reside com sua esposa, Natalie.</p>


				
				
			</div>

		</div>
	</div>
</div></div>

<p>Carl W. Taber Vice-presidente executivo, diretor de empréstimos BayCoast Bank ctaber@baycoastbank.com Conheça Carl Taber A jornada de Carl no BayCoast Bank começou em novembro de 2004, após quase três décadas de serviço dedicado na Divisão de Empréstimos do Compass Bank. Durante sua gestão lá, ele administrou habilmente o Departamento de Hipotecas Imobiliárias, orientando o desenvolvimento de negócios de empréstimos imobiliários residenciais e comerciais. Como vice-presidente executivo e diretor de empréstimos do BayCoast Bank, Carl assume a supervisão abrangente da divisão de empréstimos, abrangendo empréstimos ao consumidor, residenciais e comerciais. Carl é bacharel em administração de empresas pela Universidade de Massachusetts&hellip;</p>
